 the prime factors of 284387?
284387
What are the prime factors of 9714150?
2, 3, 5, 21587
List the prime factors of 181699.
7, 101, 257
What are the prime factors of 6244390?
2, 5, 601, 1039
What are the prime factors of 25082119?
41, 127, 4817
What are the prime factors of 524971?
524971
What are the prime factors of 16896786?
2, 3, 2816131
What are the prime factors of 504284?
2, 11, 73, 157
List the prime factors of 4146576.
2, 3, 7, 41, 43
What are the prime factors of 12179115?
3, 5, 13, 109, 191
What are the prime factors of 20715?
3, 5, 1381
List the prime factors of 2169731.
89, 24379
What are the prime factors of 7246818?
2, 3, 402601
What are the prime factors of 278898?
2, 3, 23, 43, 47
List the prime factors of 59607.
3, 37, 179
What are the prime factors of 581748?
2, 3, 48479
What are the prime factors of 4679345?
5, 11, 149, 571
What are the prime factors of 467969?
43, 10883
What are the prime factors of 1844761?
23, 80207
What are the prime factors of 747980?
2, 5, 149, 251
List the prime factors of 2628966.
2, 3, 29, 521
What are the prime factors of 249141?
3, 83047
List the prime factors of 30763859.
7, 4394837
List the prime factors of 246223.
246223
What are the prime factors of 22392075?
3, 5, 31, 9631
List the prime factors of 96649.
7, 13807
What are the prime factors of 80140?
2, 5, 4007
List the prime factors of 212984.
2, 79, 337
List the prime factors of 952607.
71, 13417
List the prime factors of 119828.
2, 29, 1033
What are the prime factors of 743079?
3, 247693
What are the prime factors of 205069?
205069
What are the prime factors of 10466477?
7, 29, 47, 1097
What are the prime factors of 4088263?
109, 37507
List the prime factors of 13028398.
2, 43, 197, 769
List the prime factors of 100096.
2, 17, 23
List the prime factors of 10179584.
2, 9941
What are the prime factors of 4142263?
1559, 2657
What are the prime factors of 557627?
7, 37, 2153
What are the prime factors of 240576?
2, 3, 7, 179
List the prime factors of 248365.
5, 13, 3821
List the prime factors of 724024.
2, 7, 1847
List the prime factors of 463137.
3, 317, 487
List the prime factors of 1477977.
3, 492659
List the prime factors of 10986100.
2, 5, 61, 1801
List the prime factors of 1168564.
2, 292141
List the prime factors of 778205.
5, 23, 67, 101
What are the prime factors of 352088?
2, 11, 4001
List the prime factors of 1724000.
2, 5, 431
List the prime factors of 15632.
2, 977
List the prime factors of 2604588.
2, 3, 7, 101, 307
What are the prime factors of 255823?
109, 2347
What are the prime factors of 17619882?
2, 3, 7, 443, 947
What are the prime factors of 79752?
2, 3, 3323
What are the prime factors of 6123563?
6123563
What are the prime factors of 86026?
2, 43013
What are the prime factors of 768141?
3, 11, 7759
List the prime factors of 2397204.
2, 3, 17, 3917
What are the prime factors of 594748?
2, 7, 11, 1931
What are the prime factors of 162154?
2, 81077
List the prime factors of 42088591.
19, 41, 97, 557
What are the prime factors of 1746193?
1746193
List the prime factors of 16924971.
3, 7, 587, 1373
List the prime factors of 2322465.
3, 5, 19, 29, 281
List the prime factors of 41627.
41627
List the prime factors of 1278524.
2, 13, 23, 1069
List the prime factors of 180623.
180623
List the prime factors of 178873.
178873
What are the prime factors of 21068382?
2, 3, 3511397
List the prime factors of 16156728.
2, 3, 7, 32057
What are the prime factors of 588105?
3, 5, 7, 1867
What are the prime factors of 3016277?
11, 37, 7411
List the prime factors of 35776.
2, 13, 43
What are the prime factors of 4688344?
2, 37, 47, 337
List the prime factors of 12100612.
2, 3025153
List the prime factors of 332613.
3, 97, 127
What are the prime factors of 1950599?
7, 59, 4723
List the prime factors of 339303.
3, 17, 6653
List the prime factors of 71449.
7, 59, 173
What are the prime factors of 5406736?
2, 37, 9133
What are the prime factors of 44598?
2, 3, 7433
What are the prime factors of 162147?
3, 54049
List the prime factors of 3714746.
2, 7, 265339
List the prime factors of 524166.
2, 3, 199, 439
List the prime factors of 114042.
2, 3, 83, 229
List the prime factors of 198679.
13, 17, 29, 31
List the prime factors of 176967.
3, 7, 53
What are the prime factors of 16575500?
2, 5, 33151
What are the prime factors of 915871?
11, 139, 599
What are the prime factors of 397572?
2, 3, 7, 4733
List the prime factors of 15004.
2, 11, 31
List the prime factors of 244818.
2, 3, 7, 29, 67
List the prime factors of 1128249.
3, 4643
List the prime factors of 2051178.
2, 3, 341863
List the prime factors of 2231102.
2, 1115551
What are the prime factors of 13858?
2, 13, 41
What are the prime factors of 3704460?
2, 3, 5, 29, 2129
What are the prime factors of 4757686?
2, 2378843
What are the prime factors of 145200?
2, 3, 5, 11
What are the prime factors of 31473?
3, 13, 269
List the prime factors of 100140.
2, 3, 5, 1669
What are the prime factors of 170837?
170837
What are the prime factors of 3243?
3, 23, 47
What are the prime factors of 2901356?
2, 17, 42667
List the prime factors of 265668.
2, 3, 13, 131
What are the prime factors of 1520416?
2, 47513
What are the prime factors of 223610?
2, 5, 59, 379
What are the prime factors of 1397714?
2, 509, 1373
List the prime factors of 103536.
2, 3, 719
List the prime factors of 2397160.
2, 5, 59929
What are the prime factors of 8004316?
2, 2001079
What are the prime factors of 5872024?
2, 734003
List the prime factors of 139961.
17, 8233
What are the prime factors of 505721?
283, 1787
List the prime factors of 936678.
2, 3, 107, 1459
What are the prime factors of 1338290?
2, 5, 37, 3617
What are the prime factors of 531420?
2, 3, 5, 17, 521
List the prime factors of 582028.
2, 227, 641
What are the prime factors of 662142?
2, 3, 13, 653
What are the prime factors of 16652525?
5, 29, 103, 223
List the prime factors of 7254959.
23, 29, 73, 149
List the prime factors of 872891.
271, 3221
List the prime factors of 370206.
2, 3, 131, 157
List the prime factors of 537892.
2, 29, 4637
List the prime factors of 24073093.
11, 2188463
What are the prime factors of 1189066?
2, 594533
List the prime factors of 5648903.
13, 571, 761
List the prime factors of 12083.
43, 281
List the prime factors of 68354.
2, 11, 13, 239
List the prime factors of 12904272.
2, 3, 3319
What are the prime factors of 16880632?
2, 1013, 2083
List the prime factors of 3099111.
3, 1033037
What are the prime factors of 15055546?
2, 11, 62213
What are the prime factors of 102517?
31, 3307
List the prime factors of 5211021.
3, 1737007
List the prime factors of 370454.
2, 7, 47, 563
What are the prime factors of 1359062?
2, 679531
What are the prime factors of 116060?
2, 5, 7, 829
What are the prime factors of 318795?
3, 5, 53, 401
What are the prime factors of 25776?
2, 3, 179
What are the prime factors of 9481722?
2, 3, 19, 31, 2683
List the prime factors of 127985.
5, 11, 13, 179
What are the prime factors of 4454671?
13, 43, 613
What are the prime factors of 351657?
3, 41, 953
What are the prime factors of 21438199?
107, 200357
What are the prime factors of 941796?
2, 3, 26161
What are the prime factors of 32432?
2, 2027
List the prime factors of 221225.
5, 8849
List the prime factors of 452641.
7, 64663
What are the prime factors of 8172682?
2, 7, 17, 23, 1493
What are the prime factors of 8837523?
3, 981947
List the prime factors of 4530169.
7, 37, 17491
List the prime factors of 9134683.
163, 56041
List the prime factors of 341368.
2, 71, 601
List the prime factors of 23194105.
5, 11, 421711
List the prime factors of 416060.
2, 5, 71, 293
What are the prime factors of 341932?
2, 73, 1171
What are the prime factors of 336769?
336769
What are the prime factors of 415710?
2, 3, 5, 31, 149
What are the prime factors of 6079376?
2, 409, 929
List the prime factors of 642223.
642223
What are the prime factors of 539084?
2, 7, 13, 1481
List the prime factors of 126575.
5, 61, 83
List the prime factors of 6588455.
5, 1317691
List the prime factors of 8311392.
2, 3, 28859
What are the prime factors of 425463?
3, 37, 3833
What are the prime factors of 221645?
5, 97, 457
List the prime factors of 24480795.
3, 5, 67, 24359
List the prime factor